{"id":128,"date":"2021-09-24T08:26:48","date_gmt":"2021-09-24T08:26:48","guid":{"rendered":"http:\/\/10.156.112.25\/kipiam\/?page_id=128"},"modified":"2023-09-14T12:47:19","modified_gmt":"2023-09-14T10:47:19","slug":"kontakt","status":"publish","type":"page","link":"https:\/\/kipiam.agh.edu.pl\/?page_id=128","title":{"rendered":"Kontakt"},"content":{"rendered":"\n<h3 class=\"wp-block-heading\">Katedra In\u017cynierii Powierzchni i Analiz Materia\u0142\u00f3w<\/h3>\n\n\n\n<p>Wydzia\u0142 In\u017cynierii Metali i Informatyki Przemys\u0142owej<br>Akademia G\u00f3rniczo-Hutnicza im. Stanis\u0142awa Staszica<br>al. A. Mickiewicza 30, 30-059 Krak\u00f3w<\/p>\n\n\n\n<h4 class=\"wp-block-heading\">Kierownik Katedry:<\/h4>\n\n\n\n<p>Dr hab. in\u017c. S\u0142awomir K\u0105c Prof. AGH<br>e-mail:&nbsp;<a href=\"mailto:slawomir.kac@agh.edu.pl?subject=Mail%20do%20Kierownika%20KIPiAM\">slawomir.kac@agh.edu.pl<\/a><\/p>\n\n\n\n<hr class=\"wp-block-separator has-css-opacity\"\/>\n\n\n\n<h4 class=\"wp-block-heading\">Sekretariat:<\/h4>\n\n\n\n<p>Monika Cizak<br>bud. B-5, pok. 805<br>Tel.: (12) 617-38-17<br>e-mail:\u00a0<a href=\"mailto:cizakm@agh.edu.pl?subject=Mail%20do%20Sekretariatu%20KIPiAM\">cizakm@agh.edu.pl<\/a><\/p>\n","protected":false},"excerpt":{"rendered":"<p>Katedra In\u017cynierii Powierzchni i Analiz Materia\u0142\u00f3w Wydzia\u0142 In\u017cynierii Metali i Informatyki Przemys\u0142owejAkademia G\u00f3rniczo-Hutnicza im. Stanis\u0142awa Staszicaal. A. Mickiewicza 30, 30-059 Krak\u00f3w Kierownik Katedry: Dr hab. in\u017c. S\u0142awomir K\u0105c Prof. AGHe-mail:&nbsp;slawomir.kac@agh.edu.pl Sekretariat: Monika Cizakbud. B-5, pok. 805Tel.: (12) 617-38-17e-mail:\u00a0cizakm@agh.edu.pl<\/p>\n","protected":false},"author":1,"featured_media":0,"parent":0,"menu_order":0,"comment_status":"closed","ping_status":"closed","template":"","meta":{"footnotes":""},"class_list":["post-128","page","type-page","status-publish","hentry"],"_links":{"self":[{"href":"https:\/\/kipiam.agh.edu.pl\/index.php?rest_route=\/wp\/v2\/pages\/128","targetHints":{"allow":["GET"]}}],"collection":[{"href":"https:\/\/kipiam.agh.edu.pl\/index.php?rest_route=\/wp\/v2\/pages"}],"about":[{"href":"https:\/\/kipiam.agh.edu.pl\/index.php?rest_route=\/wp\/v2\/types\/page"}],"author":[{"embeddable":true,"href":"https:\/\/kipiam.agh.edu.pl\/index.php?rest_route=\/wp\/v2\/users\/1"}],"replies":[{"embeddable":true,"href":"https:\/\/kipiam.agh.edu.pl\/index.php?rest_route=%2Fwp%2Fv2%2Fcomments&post=128"}],"version-history":[{"count":4,"href":"https:\/\/kipiam.agh.edu.pl\/index.php?rest_route=\/wp\/v2\/pages\/128\/revisions"}],"predecessor-version":[{"id":820,"href":"https:\/\/kipiam.agh.edu.pl\/index.php?rest_route=\/wp\/v2\/pages\/128\/revisions\/820"}],"wp:attachment":[{"href":"https:\/\/kipiam.agh.edu.pl\/index.php?rest_route=%2Fwp%2Fv2%2Fmedia&parent=128"}],"curies":[{"name":"wp","href":"https:\/\/api.w.org\/{rel}","templated":true}]}}