{"id":334,"date":"2021-11-19T11:01:33","date_gmt":"2021-11-19T11:01:33","guid":{"rendered":"http:\/\/10.156.112.25\/kipiam\/?page_id=334"},"modified":"2021-11-23T11:10:19","modified_gmt":"2021-11-23T11:10:19","slug":"laboratorium-skaningowej-mikroskopii-elektronowej-i-mikroanalizy-rtg-lb-1","status":"publish","type":"page","link":"https:\/\/kipiam.agh.edu.pl\/?page_id=334","title":{"rendered":"Laboratorium Skaningowej Mikroskopii Elektronowej i Mikroanalizy RTG (LB-1)"},"content":{"rendered":"\n<p>Lokalizacja: Budynek B-4 pok. 13<br>Opiekunowie laboratorium:&nbsp;mgr in\u017c. Wac\u0142aw Cie\u015bla,&nbsp;dr in\u017c. Izabela Kalemba<br>Specyfikacja:<a href=\"https:\/\/www.cri.agh.edu.pl\/laboratoria\/laboratorium.php?a=424&amp;l=0\" data-type=\"URL\" data-id=\"https:\/\/www.cri.agh.edu.pl\/laboratoria\/laboratorium.php?a=424&amp;l=0\" target=\"_blank\" rel=\"noreferrer noopener\">&nbsp;LB-1<\/a><\/p>\n\n\n\n<p>Skaningowy mikroskop elektronowy, znajduj\u0105cy si\u0119 w laboratorium pozwala na prowadzenie obserwacji powierzchni nast\u0119puj\u0105cych preparat\u00f3w:<br>&#8211; przewodz\u0105cych elektrycznie &#8211; po uprzednim odt\u0142uszczeniu;<br>&#8211; nieprzewodz\u0105cych (izolatory) &#8211; wymagaj\u0105 pokrycia cienk\u0105 warstw\u0105 w\u0119gla lub metalu lub pracy w niskiej pr\u00f3\u017cni, celem zmniejszenia elektryzowania si\u0119 preparatu oraz zwi\u0119kszenia emisji elektron\u00f3w wt\u00f3rnych;<br>&#8211; biologicznych &#8211; technika przygotowania preparat\u00f3w sprowadza si\u0119 do utrwalania suszenia w punkcie krytycznym oraz pokrycia pr\u00f3bki cienk\u0105 warstw\u0105 (10 nm) z\u0142ota.<\/p>\n\n\n\n<p>Wykorzystuj\u0105c mikroskop skaningowy prowadzi si\u0119 obserwacje z wykorzystaniem kontrastu topograficznego \u2013 SE (ang. Secondary Electron) i kontrastu opartego na r\u00f3\u017cnicy liczb atomowych poszczeg\u00f3lnych pierwiastk\u00f3w struktury \u2013 BSE (ang. Backscatter Electron). Zalet\u0105 techniki obserwacji za pomoc\u0105 SEM jest to, \u017ce wiele pr\u00f3bek mo\u017cna ogl\u0105da\u0107 bez specjalnego przygotowywania. Wymiary badanych preparat\u00f3w ograniczone s\u0105 jedynie konstrukcj\u0105 komory pr\u00f3bek. Rejestracji obraz\u00f3w badanych preparat\u00f3w dokonuje si\u0119 przy pomocy cyfrowego uk\u0142adu detekcji. Program dostarczony przez producenta umo\u017cliwia obserwacj\u0119, obr\u00f3bk\u0119 i archiwizacj\u0119 obraz\u00f3w, ich wydruk, rejestracj\u0119 na dowolnym no\u015bniku, b\u0105d\u017a przes\u0142anie obraz\u00f3w poczt\u0105 internetow\u0105. Mikroanalizatory rentgenowskie EDS (ang. Energy-dispersive X-Ray Spectroscopy) umo\u017cliwiaj\u0105 analiz\u0119 sk\u0142adu chemicznego obserwowanych preparat\u00f3w (analiza ilo\u015bciowa, p\u00f3\u0142ilo\u015bciowa i jako\u015bciowa). Program dostarczony przez producenta pozwala na wykonanie analiz dla wybranych element\u00f3w struktury, w zadanym obszarze oraz wzd\u0142u\u017c zadanej linii. Mo\u017cliwe jest r\u00f3wnie\u017c wykonanie map rozmieszczenia w strukturze poszczeg\u00f3lnych pierwiastk\u00f3w. Dost\u0119pna jest tak\u017ce analiza sk\u0142adu chemicznego preparat\u00f3w w wybranych mikroobszarach za pomoc\u0105 spektrometru WDS (ang. Wavelength-dispersive X-Ray Spectroscopy).<br>Za pomoc\u0105 przystawki EBSD (ang. Electron Backscatter Diffraction) dokonuje si\u0119 precyzyjnej analizy orientacji krystalograficznej materia\u0142u lub wykonuje si\u0119 mapy tekstury krystalograficznej.<\/p>\n\n\n\n<ol class=\"wp-block-list\"><li><strong>Skaningowy mikroskop elektronowy z analizatorami EDS, WDS i EBSD:<\/strong><br>a) Skaningowy mikroskop elektronowy HITACHI S-3500N<br>&#8211; przystawka analizuj\u0105ca EDS NORAN 986B-1SP<\/li><\/ol>\n\n\n\n<figure class=\"wp-block-image size-large\"><img loading=\"lazy\" decoding=\"async\" width=\"1024\" height=\"768\" src=\"http:\/\/10.156.112.25\/kipiam\/wp-content\/uploads\/2021\/11\/hitachi-1024x768.jpg\" alt=\"\" class=\"wp-image-360\" srcset=\"https:\/\/kipiam.agh.edu.pl\/wp-content\/uploads\/2021\/11\/hitachi-1024x768.jpg 1024w, https:\/\/kipiam.agh.edu.pl\/wp-content\/uploads\/2021\/11\/hitachi-300x225.jpg 300w, https:\/\/kipiam.agh.edu.pl\/wp-content\/uploads\/2021\/11\/hitachi-768x576.jpg 768w, https:\/\/kipiam.agh.edu.pl\/wp-content\/uploads\/2021\/11\/hitachi-1536x1152.jpg 1536w, https:\/\/kipiam.agh.edu.pl\/wp-content\/uploads\/2021\/11\/hitachi.jpg 1632w\" sizes=\"auto, (max-width: 1024px) 100vw, 1024px\" \/><\/figure>\n\n\n\n<p>b) Skaningowy mikroskop elektronowy FEI Inspect S50<\/p>\n\n\n\n<div class=\"wp-block-columns is-layout-flex wp-container-core-columns-is-layout-9d6595d7 wp-block-columns-is-layout-flex\">\n<div class=\"wp-block-column is-layout-flow wp-block-column-is-layout-flow\" style=\"flex-basis:100%\">\n<figure class=\"wp-block-image size-large\"><img loading=\"lazy\" decoding=\"async\" width=\"1024\" height=\"768\" src=\"http:\/\/10.156.112.25\/kipiam\/wp-content\/uploads\/2021\/11\/fei_inspect-1024x768.jpg\" alt=\"\" class=\"wp-image-432\" srcset=\"https:\/\/kipiam.agh.edu.pl\/wp-content\/uploads\/2021\/11\/fei_inspect-1024x768.jpg 1024w, https:\/\/kipiam.agh.edu.pl\/wp-content\/uploads\/2021\/11\/fei_inspect-300x225.jpg 300w, https:\/\/kipiam.agh.edu.pl\/wp-content\/uploads\/2021\/11\/fei_inspect-768x576.jpg 768w, https:\/\/kipiam.agh.edu.pl\/wp-content\/uploads\/2021\/11\/fei_inspect.jpg 1137w\" sizes=\"auto, (max-width: 1024px) 100vw, 1024px\" \/><\/figure>\n<\/div>\n<\/div>\n\n\n\n<p>c) Skaningowy transmisyjny mikroskop elektronowy FEI Nova NanoSEM 450 (STEM)<br>&#8211; przystawka analizuj\u0105ca WDS \u201eIBEX\u201d<br>&#8211; przystawka EBSD<\/p>\n\n\n\n<figure class=\"wp-block-image size-large\"><img loading=\"lazy\" decoding=\"async\" width=\"1024\" height=\"768\" src=\"http:\/\/10.156.112.25\/kipiam\/wp-content\/uploads\/2021\/11\/fei_nova-1024x768.jpg\" alt=\"\" class=\"wp-image-433\" srcset=\"https:\/\/kipiam.agh.edu.pl\/wp-content\/uploads\/2021\/11\/fei_nova-1024x768.jpg 1024w, https:\/\/kipiam.agh.edu.pl\/wp-content\/uploads\/2021\/11\/fei_nova-300x225.jpg 300w, https:\/\/kipiam.agh.edu.pl\/wp-content\/uploads\/2021\/11\/fei_nova-768x576.jpg 768w, https:\/\/kipiam.agh.edu.pl\/wp-content\/uploads\/2021\/11\/fei_nova.jpg 1137w\" sizes=\"auto, (max-width: 1024px) 100vw, 1024px\" \/><\/figure>\n\n\n\n<p><\/p>\n","protected":false},"excerpt":{"rendered":"<p>Lokalizacja: Budynek B-4 pok. 13Opiekunowie laboratorium:&nbsp;mgr in\u017c. Wac\u0142aw Cie\u015bla,&nbsp;dr in\u017c. Izabela KalembaSpecyfikacja:&nbsp;LB-1 Skaningowy mikroskop elektronowy, znajduj\u0105cy si\u0119 w laboratorium pozwala na prowadzenie obserwacji powierzchni nast\u0119puj\u0105cych preparat\u00f3w:&#8211; przewodz\u0105cych elektrycznie &#8211; po uprzednim odt\u0142uszczeniu;&#8211; nieprzewodz\u0105cych (izolatory) &#8211; wymagaj\u0105 pokrycia cienk\u0105 warstw\u0105 w\u0119gla lub metalu lub pracy w niskiej pr\u00f3\u017cni, celem zmniejszenia elektryzowania si\u0119 preparatu oraz zwi\u0119kszenia emisji&#8230;<\/p>\n<p class=\"more-link-wrap\"><a href=\"https:\/\/kipiam.agh.edu.pl\/?page_id=334\" class=\"more-link\">Read More<span class=\"screen-reader-text\"> &ldquo;Laboratorium Skaningowej Mikroskopii Elektronowej i Mikroanalizy RTG (LB-1)&rdquo;<\/span> &raquo;<\/a><\/p>\n","protected":false},"author":1,"featured_media":0,"parent":0,"menu_order":0,"comment_status":"closed","ping_status":"closed","template":"","meta":{"footnotes":""},"class_list":["post-334","page","type-page","status-publish","hentry"],"_links":{"self":[{"href":"https:\/\/kipiam.agh.edu.pl\/index.php?rest_route=\/wp\/v2\/pages\/334","targetHints":{"allow":["GET"]}}],"collection":[{"href":"https:\/\/kipiam.agh.edu.pl\/index.php?rest_route=\/wp\/v2\/pages"}],"about":[{"href":"https:\/\/kipiam.agh.edu.pl\/index.php?rest_route=\/wp\/v2\/types\/page"}],"author":[{"embeddable":true,"href":"https:\/\/kipiam.agh.edu.pl\/index.php?rest_route=\/wp\/v2\/users\/1"}],"replies":[{"embeddable":true,"href":"https:\/\/kipiam.agh.edu.pl\/index.php?rest_route=%2Fwp%2Fv2%2Fcomments&post=334"}],"version-history":[{"count":5,"href":"https:\/\/kipiam.agh.edu.pl\/index.php?rest_route=\/wp\/v2\/pages\/334\/revisions"}],"predecessor-version":[{"id":434,"href":"https:\/\/kipiam.agh.edu.pl\/index.php?rest_route=\/wp\/v2\/pages\/334\/revisions\/434"}],"wp:attachment":[{"href":"https:\/\/kipiam.agh.edu.pl\/index.php?rest_route=%2Fwp%2Fv2%2Fmedia&parent=334"}],"curies":[{"name":"wp","href":"https:\/\/api.w.org\/{rel}","templated":true}]}}